8. Suppose -4*j - n + k = 0, 3*n = 5*j + 190 - 555. What are the prime factors of j?
2, 19
Let u be 0/(-1) - -4 - 0. Suppose -6*y + 2750 = u*y. List the prime factors of y.
5, 11
Let u = -134 - -228. Suppose 5*h - 2*h - 5*j + 6 = 0, 0 = -5*h - 3*j + 24. Suppose -h*n + 2*d = -n - 50, 0 = -4*n + d + u. List the prime factors of n.
23
Let d(s) = 3*s. Let g be d(4). Let j be (-6)/24 + (-70)/8. Let y = g + j. List the prime factors of y.
3
Suppose 2159 + 109 = 9*k. What are the prime factors of -4 + k/(7 - 3)?
59
Suppose 2*k - 3*v - 21 = 0, v - 23 = -k - 10. Let p be (k + 0)/(6/4). Let g = p + 39. List the prime factors of g.
47
Let n be -3*9/((-108)/(-40)). Let h be -2*(-3)/(-30)*n. Suppose h*m + 86 = 4*m. List the prime factors of m.
43
Let b be (6 + -6)/((-1)/(-1)). Let p be 17 + 3 + b + 1. Suppose 26 = -p*i + 22*i. What are the prime factors of i?
2, 13
Let r(x) = -x**3 - 3*x**2 + 3*x + 12. Let b be r(-8). Suppose -4*g = 4*d + d - 340, b = 4*g - 3*d. List the prime factors of g.
2, 5
Let p = -108 + 120. What are the prime factors of -114*((-15)/p - (-2)/8)?
2, 3, 19
Suppose 14*w = 18*w - 1664. List the prime factors of w.
2, 13
Suppose -3*j = -15 + 24. Let d be j - ((2 - -1) + 56). Let t = -43 - d. List the prime factors of t.
19
Let r be (18/8)/((-6)/32). Suppose -8*a = -4*a + 96. What are the prime factors of a*(16/r - -1)?
2
Suppose -2*m = w - 0*m - 293, 0 = 2*w - 3*m - 579. Suppose 0 = -5*q + w - 21. What are the prime factors of q?
2, 3
Suppose 4*g - 24 = -2*g. Suppose 0 = 2*v - 3*h - 402, v - g*h = 134 + 62. Suppose 40 = -4*r + v. List the prime factors of r.
41
Let h(a) = a**2 - 5*a - 9. Let n be h(7). Suppose 4 = -4*d + n*u, 5*d - 3*u = u - 5. Let r(f) = 57*f**2 - 2. List the prime factors of r(d).
5, 11
Let c = 3219 + -2069. What are the prime factors of c?
2, 5, 23
Let c(f) = 8*f**2. Let w be 3/4 + (-2)/(-8). Let p be c(w). Suppose -a - p = -5*a. List the prime factors of a.
2
Suppose 5*t - 3 = -28. Let r(x) = -x**3 - 3*x**2 - 4*x - 7. What are the prime factors of r(t)?
3, 7
Let k = 2226 + -1052. What are the prime factors of k?
2, 587
Let x = -9 - -13. Suppose x*r - r = -69. What are the prime factors of (r/(-4))/(7/28)?
23
Let h(y) = -126*y**3 + 3*y**2 - 4*y - 16. What are the prime factors of h(-2)?
2, 11, 23
What are the prime factors of (28/(-8))/((-20)/9640)?
7, 241
Let j = -9 - 18. Let d = j - -51. List the prime factors of 648/d*5/3.
3, 5
Suppose 0 = f + 3*q - 228, -3*q + 628 = 3*f - 8*q. What are the prime factors of f?
2, 3
Suppose -2*b + 2*x = -32, -4*b = -3*b + 5*x + 8. Let t = 6 + b. List the prime factors of t.
2, 3
Suppose -4*m + 453 = -m. Suppose -5*n + 601 - m = 0. What are the prime factors of (n/(-40))/((-2)/8)?
3
Let d(z) = -90*z + 3. Let v be d(-2). Suppose 3*n + 5*h - 2*h - v = 0, 248 = 4*n + 5*h. What are the prime factors of n?
3, 19
What are the prime factors of (-12 - -3)*(-32 - 1)?
3, 11
Let v be 3/4 - 14/(-56). Let z be (3 - 3)*v + 13. Let c = z - 0. What are the prime factors of c?
13
Suppose u - 6650 = -9*u. List the prime factors of u.
5, 7, 19
Let u(z) = 6*z**2 - 9*z**2 + 13*z**2 + 3*z**2 + 3 - 18*z. List the prime factors of u(3).
2, 3, 11
Suppose -15170 = -3*w - q, -42720 = -5*w - 2*q - 17438. List the prime factors of w.
2, 3, 281
Let r be 1/(-6) + (-38)/(-12). Suppose -r*d + 3 = 21. What are the prime factors of (-1428)/(-30) + d/10?
47
Let z = -24 - -28. Suppose z - 16 = -y. What are the prime factors of (-4)/(y/(-75)) + -4?
3, 7
Let y(f) = -109*f + 329. What are the prime factors of y(-14)?
5, 7, 53
Suppose 20*j - 23610 = -5330. What are the prime factors of j?
2, 457
Suppose 0 = 7*w - 445 - 143. Suppose 5*p + p = w. List the prime factors of p.
2, 7
Let a = 60 - 24. Suppose -4*i + 60 + a = 0. Let p = -17 + i. What are the prime factors of p?
7
Suppose -4*u - 23 = -3*a, -5*u - 9*a = -5*a + 21. What are the prime factors of u/(-10) - (-65)/2?
3, 11
Suppose 8*v = 4*v - 3*f + 43, 2*v - 29 = -3*f. Let q = 21 + v. What are the prime factors of q?
2, 7
Let v be 1/(3/(-12))*-1. Suppose 0 = -3*h - v*g + 141, 2*g - 62 - 79 = -3*h. Suppose -3*x = 2*j - 4*j + h, 46 = 2*j - 4*x. What are the prime factors of j?
5
Let i = -1767 - -2699. What are the prime factors of i?
2, 233
Suppose 14*v - 38 = 18. Suppose 4*q + 1 = 3*q - 5*s, -2*s = v*q - 14. What are the prime factors of q?
2
Suppose 38*u - 31121 - 32719 = 0. What are the prime factors of u?
2, 3, 5, 7
Let y(c) = 7*c**3 + 4*c + 3. Let f be y(-2). Suppose 5*z + 602 = 12*z. Let i = z + f. What are the prime factors of i?
5
Suppose 4*u + 6 = -g, -4*u + 1 = 2*g - 9*u. Let i(q) = -2*q**3 - 4*q**2 - 4*q - 3. Let r be i(g). Suppose -r*f + 0 + 30 = 0. What are the prime factors of f?
2, 3
Suppose 14*i = 12683 - 1483. Suppose 0*b - 5*u = -5*b + 995, 0 = -4*b + 2*u + i. List the prime factors of b.
3, 67
Let i(x) = 11*x**2 - 11*x + 16. List the prime factors of i(5).
2, 59
Suppose 193*l - 173*l = 95040. List the prime factors of l.
2, 3, 11
Let g(p) = -26*p - 2. Suppose -7 = 6*v + 5. Let l be g(v). Suppose 0 = 3*z - l - 67. What are the prime factors of z?
3, 13
Let a = 88 - -10. Suppose -70 = -3*h + a. List the prime factors of h.
2, 7
Let s(d) = -2*d**3 - d**2 + 5*d + 8. Let g(y) = -y**2 + y + 7. Let j be g(-3). List the prime factors of s(j).
2, 13
Let i(y) = y**3 + 6*y**2 - 5*y - 17. List the prime factors of i(9).
1153
Let i(v) = -v**2 - 6*v - 4. Let k be i(-5). List the prime factors of k - (-18 - 6/(-2)).
2
Let f(v) = -v + 1. Let d(a) = 6*a + 8. Let g(s) = d(s) - 10*f(s). Let i be g(3). Let u = i - 24. List the prime factors of u.
2, 11
Suppose -z + 4*t + 3 = 4*z, 4*z - 4*t = 0. Let u(r) = -3*r**2 + 5*r - 3. Let k(b) = b**2 - 2*b + 1. Let y(h) = -7*k(h) - 3*u(h). List the prime factors of y(z).
17
Let i(a) = -762*a - 12. List the prime factors of i(-2).
2, 3, 7
Let h be (-6)/(-9)*-3 - -10. Suppose h = -2*m, 2*d + 3*d + 2*m = 7. Suppose 2*f - 63 = -d*b, 5*b - 95 = -5*f + 2*f. What are the prime factors of f?
2, 3, 5
Let p(c) = -c**3 - 10*c**2 + 6*c - 20. Let j be p(-11). Let v = j - 34. List the prime factors of v + 1 + (1 - -23).
2, 13
Let h be 155*(-3)/((-15)/2). Suppose 4 = t, 4*l - 3*t - 452 = -0*t. Let i = l - h. List the prime factors of i.
2, 3
Let h = -223 + 848. List the prime factors of h.
5
Let u(a) = -2*a**3 - 7*a**2 - 7*a - 8. List the prime factors of u(-5).
2, 3, 17
Suppose 2*p + 5*l = 20, 0 = -5*l + 26 - 6. Suppose 2*u - 5*u + 159 = p. What are the prime factors of u?
53
Suppose -p - 18 = -4*p. Suppose -p*s = -3*s - 15. Suppose -i + 55 = 5*z - s*i, 5*z - 5*i - 55 = 0. List the prime factors of z.
11
Let s(n) = -132*n**3 - n**2 - n + 1. List the prime factors of s(-1).
7, 19
Suppose 0 = -15*a + 4035 - 705. Suppose 3*p - d = -4*d + a, 2*d = 2*p - 156. What are the prime factors of p?
2, 19
Suppose 0 = 3*q - 16 + 4. Suppose -q*y + 102 = -170. What are the prime factors of y?
2, 17
Let q(i) = i - 3. Let n be q(5). Suppose 0 = -n*v + 10 + 6. Let o = -1 + v. List the prime factors of o.
7
Let a = 31 + -25. List the prime factors of (-164)/((-4)/8 + (-1)/a).
2, 3, 41
Suppose -2509 = -4*u - k, -12*k = -2*u - 14*k + 1256. List the prime factors of u.
3, 11, 19
Let n(v) = v**2 - 11*v + 7. Let t be n(10). Let c be 0 + t/((-6)/22). What are the prime factors of 2/c - 6286/(-154)?
41
Suppose 2*s + 5*k - 500 = 0, -4*s + 4*k + 995 = 23. What are the prime factors of s?
5, 7
Suppose -21*y + 22390 = -17*y - 2*p, -5*y - 2*p + 27974 = 0. List the prime factors of y.
2, 1399
Let k(c) = 95*c**2 + 13*c - 86. List the prime factors of k(5).
2, 11, 107
Suppose -4*c = -5*y - 5*c + 4356, 2*c = 5*y - 4368. What are the prime factors of y?
2, 109
Let k = 129 + 93. List the prime factors of k.
2, 3, 37
Let g(m) = -2*m**3 + 26*m**2 - 4*m + 10. List the prime factors of g(12).
2, 5
Suppose 8 = -16*r + 18*r. Let h = -33 + 63. Suppose -62 - h = -r*t. What are the prime factors of t?
23
What are the prime factors of (528/(-8))/((8/(-34))/2)?
3, 11, 17
Let y be (-3 + 6)/(9/(-6)). Let p be (-27)/(-15) + y/(-10). List the prime factors of (-37)/(-2 - p/(-2)).
37
Let m(r) = -2*r + 9. Let q be m(10). Let t = q - -14. Suppose t*h = 6*h - 15. List the prime factors of h.
5
Let k = 29 - 22. List the prime factors of 1*(-7)/(k/(-33)).
3, 11
Suppose -7*w + 11*w = y + 27, -5*w = -4*y